4. Is z a prime number?
False
Suppose v + 0 = -6. Let x(i) = -170*i - 9. Is x(v) prime?
False
Let z be -2 + 4 - 2*-73. Suppose -z = -5*s + s. Is s prime?
True
Let i(y) = -y**2 - 2*y + 1. Let h be i(-3). Is 4/8*(-212)/h prime?
True
Let u(w) = w - 9. Let p be u(10). Let r = p - -9. Is r a prime number?
False
Suppose 0 = 4*r + r + 20. Let b = 5 - -13. Is (b/3)/((-6)/r) composite?
True
Let w(u) = u**3 - 2*u**2 - 2*u - 1. Let q = -7 + 10. Let h(s) = -s + 7. Let x be h(q). Is w(x) prime?
True
Let w(u) be the second derivative of u**5/20 - u**4/2 - 2*u**3/3 + 2*u**2 - u. Is w(9) a prime number?
True
Let c(h) = h**2 - 4. Let d be c(3). Suppose -4*k = -d*k + 65. Is k a prime number?
False
Let g = -1123 + 2762. Is g a prime number?
False
Let x be -4 - 1/2*2. Let r(h) be the third derivative of h**5/30 + h**4/6 + h**3/2 - 3*h**2. Is r(x) a composite number?
True
Is (-6)/21 + (-1838)/(-14) a composite number?
False
Suppose 101 = 2*d - 243. Suppose 5*o = -4*z + d, -4*o - 186 = -5*z - 3*o. Is z prime?
False
Suppose -4*f = -12, 295 + 25 = 2*i - 4*f. Is i a composite number?
True
Let u(w) = 54*w**2 + 5*w + 5. Let r(i) = -i**2 - 6*i + 5. Let d be r(-7). Is u(d) a prime number?
True
Suppose -42 - 180 = 3*l. Let w = l + 106. Suppose 42 + w = 2*f. Is f a composite number?
False
Let y be 0/(-1)*(-7)/(-21). Let w = 29 - 8. Suppose -2*q - q + w = y. Is q composite?
False
Suppose -5*u = -4*g - 3*u + 10, 5*g = 2*u + 12. Suppose -s = -g*s - 56. Is (-1)/(-3) + s/(-3) prime?
True
Is (-29)/(-4)*224/8 a prime number?
False
Let o = 2 + -2. Suppose -3*m + 184 + 161 = o. Is m prime?
False
Let h(f) = 12*f**2 + 3*f - 1. Let q be 12*(1 - (1 - -1)). Let c be 16/q*3/(-2). Is h(c) a prime number?
True
Let i(y) = -y - 7. Let z be i(6). Let t(l) = -4*l + 7. Is t(z) composite?
False
Let r(d) = 5*d**2 + 4*d - 4. Let y be r(2). Let j be (-50)/(-18) - 6/(-27). Suppose 7*i = j*i + y. Is i a prime number?
False
Let b(o) = o - 1. Let v be b(4). Suppose 0 = -v*u + 47 + 1. Let d = u - -55. Is d composite?
False
Let s(n) = n + 2. Let r be s(1). Suppose -r*h = 4*x - h - 144, -4*h = -2*x + 82. Is x prime?
True
Is (-2)/13 + 3291/13 a composite number?
True
Let y(f) = f**2 + 6*f + 6. Let p be y(-5). Let k(u) = 43*u - 1. Let o be k(p). Suppose 0 = -q - 2*j + o, 0*j - 140 = -3*q + j. Is q prime?
False
Suppose 2*d - 10*d + 3664 = 0. Is d prime?
False
Let u = -34 + 50. Let z = 21 + u. Is z composite?
False
Suppose -5*n + 4*f + 2077 = 0, 5*n + 0*f - 2083 = f. Let x = n - 298. Is x a prime number?
False
Let a(q) be the third derivative of -1/60*q**5 + 3*q**2 + 0*q**3 + 0 + 5/12*q**4 + 0*q. Is a(7) a composite number?
True
Suppose -6 = 5*r - 21. Suppose u + 3*s = -4*u + 341, -r*u - 2*s = -205. Is u composite?
False
Let q = 87 + -193. Let l = 191 + q. Is l a prime number?
False
Suppose o - 27 = 25. Suppose 100 = -3*w + 8*w. Is o/w + 4/10 composite?
False
Let u(v) = v**2 + 5*v + 5. Let r be u(-5). Suppose 5*w - 255 = -5*i, 3*i - 253 = -r*w - i. Is w a prime number?
False
Suppose 14*v - 20164 = 9978. Is v composite?
False
Suppose l = 3*l - 1122. Suppose -2*j - l = -5*j. Is j a composite number?
True
Let b = 631 - 446. Is b composite?
True
Suppose -p - 2*g = -3*p - 134, 0 = 5*p + g + 359. Suppose 0 = -14*r + 12*r + 234. Let h = r + p. Is h a prime number?
False
Let c(b) = b**2 - 5*b - 10. Let l be c(7). Suppose 0 = -5*k, l*i + k - 160 = -2*k. Let j = i + 7. Is j prime?
True
Let u = 156 + 35. Is u composite?
False
Let u(w) = w**3 - 8*w**2 + 5. Let f be u(8). Let h be (-2*1 - -1) + f. Suppose 0 = -v + l + 10, -v - 4*v + 86 = h*l. Is v a prime number?
False
Let g(d) = 31*d**2 + d - 1. Suppose 0 = -5*x - 3*w - 15, x + 2*x = w + 5. Suppose -5*t - 3*i + x = 10, -t = i + 4. Is g(t) a prime number?
True
Is 6905*3*3/45 prime?
True
Let k(x) = x**3 - 4*x**2 - 3*x + 6. Let w be k(5). Suppose -t - 3 = -w. Is t a prime number?
True
Let o(x) = -x**2 - 3*x + 4. Let y be o(3). Let f be (7 - 0)*(3 - 2). Is (-4)/y - (-89)/f a prime number?
True
Let i(x) = x - 5. Let h be i(6). Let d(g) = 80*g**3 - 2*g**2 + g. Is d(h) a prime number?
True
Is ((-10662)/8)/((-69)/92) a composite number?
False
Let g(p) = -p**2 + 4*p + 7. Let q be g(5). Let o(c) = c**3 + 0*c**q - 4*c**2 + 69 - 20 + 5*c**2. Is o(0) composite?
True
Suppose -2*s + 8 = 5*p, s = 5*p - 3*p - 14. Suppose -2*a = -5*c - a + 570, 0 = -2*c + 3*a + 241. Is (-3)/s*c*2 prime?
True
Let q(h) = -6*h - 2 - 3 - 2*h - h**2. Let b be q(-7). Suppose -5*r - 5*a = -55, -5*r - b*a + 43 = -0*a. Is r prime?
True
Suppose 0 = l - 5*v - 8, -5*l - v = -4*v - 18. Suppose 439 + 82 = 3*d + m, 0 = -3*d + l*m + 537. Suppose d = 5*n - 0*n. Is n a prime number?
False
Let f(v) = 57*v**3 + 2*v**2 - 2*v + 1. Is f(1) prime?
False
Let a(i) = -62*i**3 - 3*i. Let w(o) = -185*o**3 - 10*o. Let v(z) = 7*a(z) - 2*w(z). Is v(-1) prime?
False
Suppose 0 = 2*z + 4 - 12. Is (4/2)/(z/478) composite?
False
Let s(w) = -7*w + 4. Let i be (-3 - -5) + -1*9. Is s(i) composite?
False
Suppose 0 = -6*h + h + 13610. Is h a prime number?
False
Suppose 0*l - 4*l + 13 = n, -n + 16 = 5*l. Suppose -5 = v - l. Let q(r) = 5*r**2 + 1. Is q(v) composite?
True
Suppose i - 8 - 50 = 0. Suppose -2*q + i + 36 = 0. Is q a prime number?
True
Let g(b) = 85*b**2 + 2*b - 4. Is g(3) composite?
True
Suppose 0*n - 2*n = -6. Suppose -n*y + 757 = -k, 4*y - 941 - 67 = 2*k. Is y a composite number?
True
Let w(u) = -4*u**2 + 2*u**2 + 1 + 6*u**2. Let n be (-3)/(-12) + 11/4. Is w(n) a composite number?
False
Suppose -j = -3*f + 4584, 6 = 4*j + 18. Is f a prime number?
False
Is (311*(-2 + 0))/((-10)/15) composite?
True
Let r(t) be the third derivative of 1/20*t**5 - 1/6*t**3 - 1/3*t**4 + 0*t - t**2 + 0. Is r(8) a composite number?
False
Let f = 2 - 4. Let j(v) = -2*v**2 - 21*v - 7. Let d(y) = y**2 + 10*y + 3. Let u(a) = f*j(a) - 5*d(a). Is u(-4) composite?
True
Suppose -3*f + 2729 = v - 12740, f = 2*v + 5147. Is f prime?
False
Let m = -12 - -17. Suppose -2*n = 3*x - 3*n - 23, m*n = -5*x + 45. Let k(y) = y + 6. Is k(x) composite?
True
Suppose -3*i - 287 = -4*i. Is i a prime number?
False
Let w = -1 - -4. Suppose w*c = 2*c + 49. Is c prime?
False
Let c = -515 + 1764. Is c prime?
True
Suppose -4*q + 8 + 8 = 0. Suppose -m + 250 = t, -8 = 4*m + q. Is t a composite number?
True
Let y = 54 + -33. Suppose y = -3*b + 132. Is b composite?
False
Let h = 3 + -6. Let a = -10 - h. Is a*3/2*-2 composite?
True
Let u = 232 - 328. Let m = 477 - 292. Let b = m + u. Is b composite?
False
Let l(j) = j**2 + 5*j + 3. Let p be l(-5). Suppose -30 = 4*v + 2*n, n + p*n = 5*v + 57. Let a = v + 32. Is a prime?
True
Is (-16)/40 + 17/5 + 1832 prime?
False
Suppose -4*a + 2*a = -4*l - 60, -4*l - 32 = -a. Suppose 2*j - 78 - a = 0. Is j a prime number?
True
Let i(l) = l**3 - l**2 - l - 4. Let p be i(0). Is (0 + 2)/(p/(-66)) prime?
False
Let u(j) = -j**2 - 5*j + 8. Let f be u(-6). Is 36 - (-6 + f + 3) composite?
False
Let v be (-2370)/(-14) + (-10)/35. Suppose 5*t - 376 = -3*k, -k - v = -2*t + 4*k. Is t a prime number?
False
Let p(q) = -2 - 3 + 180*q - 35*q. Let o be p(4). Suppose -g + o = 4*g. Is g a prime number?
False
Suppose -6*c = -11*c + 3*p + 9566, 0 = c - 4*p - 1903. Is c composite?
True
Let a be -26 + (-3 - -1) + 0. Let p be (-579)/(-7) - 8/(-28). Let f = p + a. Is f a composite number?
True
Let s(d) = -d**3 - 4*d**2 - 4*d - 1. Let q = -6 - -2. Is s(q) composite?
True
Let m(w) = 16*w + 6. Let d(r) = -4 + 1 + 2. Let s(i) = -d(i) + m(i). Is s(7) prime?
False
Let i = -56 - -88. Suppose 3*h + 29 = -28. Let c = h + i. Is c prime?
True
Let q be (3/6)/((-1)/(-6)). Suppose -c = l - 2, 2*c + 8*l - q*l = 19. Let s = 22 + c. Is s prime?
True
Suppose 7*x - 3*y = 2*x - 560, -2*y = x + 99. Let q = 233 + x. Suppose -6*p = -2*p - q. Is p composite?
False
Suppose 3*k = 62 + 43. Is k a composite number?
True
Let o = 33 - -3. Let a = 51 - o. Is a a composite number?
True
Let d(v) = 3*v - 3. Let o be d(2). Suppose -501 = -o*t - 0*t. Is t a composite number?
False
Suppose -2*z + 6 - 2 = 0. Suppose -3*l - 103 = z*p - 1176, 5*p + 1045 = 3*l. Is l a composite number?
True
Let i = -45 - -224. Is i a composite number?
False
Let b be 0 + 0/(-3)*1. Suppose b = -4*d - 24 - 12. Let n = d + 30. Is n a prime number?
False
Let s be (-3*1)/(9/12). Let a be (2/s)/((-1)/10). Suppose -2*t = 5*z - 80 - 89, -a*z = -4*